{"id":9,"date":"2014-03-03T18:30:11","date_gmt":"2014-03-03T16:30:11","guid":{"rendered":"http:\/\/ekva.fi\/?page_id=9"},"modified":"2024-11-28T23:25:53","modified_gmt":"2024-11-28T21:25:53","slug":"toiminta","status":"publish","type":"page","link":"https:\/\/ekva.fi\/","title":{"rendered":"E-KVA ry"},"content":{"rendered":"<p><a href=\"https:\/\/ekva.fi\/wp-content\/uploads\/2023\/05\/E-Kva-logo-12.gif\" data-size=\"1614x1551\"><img decoding=\"async\" loading=\"lazy\" class=\"alignnone size-medium wp-image-955\" src=\"https:\/\/ekva.fi\/wp-content\/uploads\/2023\/05\/E-Kva-logo-12-300x288.gif\" alt=\"\" width=\"300\" height=\"288\" srcset=\"https:\/\/ekva.fi\/wp-content\/uploads\/2023\/05\/E-Kva-logo-12-300x288.gif 300w, https:\/\/ekva.fi\/wp-content\/uploads\/2023\/05\/E-Kva-logo-12-1024x984.gif 1024w, https:\/\/ekva.fi\/wp-content\/uploads\/2023\/05\/E-Kva-logo-12-768x738.gif 768w, https:\/\/ekva.fi\/wp-content\/uploads\/2023\/05\/E-Kva-logo-12-1536x1476.gif 1536w, https:\/\/ekva.fi\/wp-content\/uploads\/2023\/05\/E-Kva-logo-12-312x300.gif 312w\" sizes=\"(max-width: 300px) 100vw, 300px\" \/><\/a><\/p>\n<p>Toimintamme kulmakivin\u00e4 ovat Etel\u00e4-Karjalan Automuseo sek\u00e4 joka kes\u00e4 Mikkelin Mobilistien kanssa yhdess\u00e4 j\u00e4rjestett\u00e4v\u00e4 Suur-Saimaan Ymp\u00e4riajo. Lis\u00e4ksi kerho osallistuu messuille ja muihin ajoneuvotapahtumiin. Pyrimme my\u00f6s j\u00e4rjest\u00e4m\u00e4\u00e4n vuosittain kerhoretken sopivaan (mobiiliaiheiseen) kohteeseen. Omaa korjaus- tai projektitallia kerholla ei ole. P\u00e4\u00e4asiallinen viestiv\u00e4line tapahtumista ovat n\u00e4m\u00e4 sivut sek\u00e4 yhdistyksen Facebook-sivut. T\u00e4rkeimm\u00e4t tiedotteet julkaistaan my\u00f6s Etel\u00e4Saimaassa ja UutisVuoksessa. Kerhoillat pidet\u00e4\u00e4n joka kuukauden 1. maanantai klo 18.00 automuseolla ellei toisin ole ilmoitettu. Ajokauden aikaan (touko-syyskuu) l\u00e4hdet\u00e4\u00e4n kuukausiajelulle Automuseolta kuukauden 2. torstai kello 18.00, ellei poikkeavaa aikaa ole ilmoitettu<\/p>\n<p>L\u00e4hiseudun tapahtumista vuodelle 2025 tulee niiden varmistuessa tietoa my\u00f6s t\u00e4lle sivulle. Muutokset on aina mahdollisia ja niit\u00e4 pyrit\u00e4\u00e4n p\u00e4ivitt\u00e4m\u00e4\u00e4n t\u00e4nne.<\/p>\n","protected":false},"excerpt":{"rendered":"<p>Toimintamme kulmakivin\u00e4 ovat Etel\u00e4-Karjalan Automuseo sek\u00e4 joka kes\u00e4 Mikkelin Mobilistien kanssa yhdess\u00e4 j\u00e4rjestett\u00e4v\u00e4 Suur-Saimaan Ymp\u00e4riajo. Lis\u00e4ksi kerho osallistuu messuille ja muihin ajoneuvotapahtumiin. Pyrimme my\u00f6s j\u00e4rjest\u00e4m\u00e4\u00e4n vuosittain kerhoretken sopivaan (mobiiliaiheiseen) kohteeseen. Omaa korjaus- tai projektitallia kerholla ei ole. P\u00e4\u00e4asiallinen viestiv\u00e4line tapahtumista &hellip; <a href=\"https:\/\/ekva.fi\/\">Lue loppuun <span class=\"meta-nav\">&rarr;<\/span><\/a><\/p>\n","protected":false},"author":1,"featured_media":0,"parent":0,"menu_order":10,"comment_status":"closed","ping_status":"closed","template":"sidebar-page.php","meta":[],"_links":{"self":[{"href":"https:\/\/ekva.fi\/index.php?rest_route=\/wp\/v2\/pages\/9"}],"collection":[{"href":"https:\/\/ekva.fi\/index.php?rest_route=\/wp\/v2\/pages"}],"about":[{"href":"https:\/\/ekva.fi\/index.php?rest_route=\/wp\/v2\/types\/page"}],"author":[{"embeddable":true,"href":"https:\/\/ekva.fi\/index.php?rest_route=\/wp\/v2\/users\/1"}],"replies":[{"embeddable":true,"href":"https:\/\/ekva.fi\/index.php?rest_route=%2Fwp%2Fv2%2Fcomments&post=9"}],"version-history":[{"count":49,"href":"https:\/\/ekva.fi\/index.php?rest_route=\/wp\/v2\/pages\/9\/revisions"}],"predecessor-version":[{"id":1003,"href":"https:\/\/ekva.fi\/index.php?rest_route=\/wp\/v2\/pages\/9\/revisions\/1003"}],"wp:attachment":[{"href":"https:\/\/ekva.fi\/index.php?rest_route=%2Fwp%2Fv2%2Fmedia&parent=9"}],"curies":[{"name":"wp","href":"https:\/\/api.w.org\/{rel}","templated":true}]}}