{"id":19,"date":"2014-03-03T20:45:30","date_gmt":"2014-03-03T18:45:30","guid":{"rendered":"http:\/\/ekva.fi\/?page_id=19"},"modified":"2019-05-24T00:19:14","modified_gmt":"2019-05-23T21:19:14","slug":"museoajoneuvotarkastajat","status":"publish","type":"page","link":"https:\/\/ekva.fi\/?page_id=19","title":{"rendered":"Museoajoneuvotarkastajat"},"content":{"rendered":"<p>Yhdistyksell\u00e4 on t\u00e4ll\u00e4 hetkell\u00e4 kolme SA-HK:n koulutuksen kautta p\u00e4tev\u00f6itynytt\u00e4 museoajoneuvotarkastajaa, jotka tekev\u00e4t tarkastuksia yhdistyksen toiminta-alueella. Museotarkastuksen hinta on 90\u20ac E-KVA:n \/SAHK:n j\u00e4senille ja 160\u20ac muille. Hyl\u00e4tty tarkastus 20\u20ac. Konservointitarkastukset j\u00e4senille 100\u20ac, ei j\u00e4senille 200\u20ac. Lis\u00e4ksi veloitetaan tarkastajien (2kpl) matkakulut ja k\u00e4sittelykuluja &#8221;paperit\u00f6ist\u00e4&#8221; muutama euro.<\/p>\n<p>Keijo R\u00e4is\u00e4nen (vastaava tarkastaja)<br \/>\nPuh.\u00a0044\u00a0723 2801<br \/>\nkeijo.raisanen@gmail.com<\/p>\n<p>Sami Heinil\u00e4<br \/>\nPuh. 050 3572 302<br \/>\nsami.t.heinila@gmail.com<\/p>\n<p>Paula Nevalainen<br \/>\nPuh. 0400 366 211<br \/>\nphnevalainen@yahoo.com<\/p>\n","protected":false},"excerpt":{"rendered":"<p>Yhdistyksell\u00e4 on t\u00e4ll\u00e4 hetkell\u00e4 kolme SA-HK:n koulutuksen kautta p\u00e4tev\u00f6itynytt\u00e4 museoajoneuvotarkastajaa, jotka tekev\u00e4t tarkastuksia yhdistyksen toiminta-alueella. Museotarkastuksen hinta on 90\u20ac E-KVA:n \/SAHK:n j\u00e4senille ja 160\u20ac muille. Hyl\u00e4tty tarkastus 20\u20ac. Konservointitarkastukset j\u00e4senille 100\u20ac, ei j\u00e4senille 200\u20ac. Lis\u00e4ksi veloitetaan tarkastajien (2kpl) matkakulut ja &hellip; <a href=\"https:\/\/ekva.fi\/?page_id=19\">Lue loppuun <span class=\"meta-nav\">&rarr;<\/span><\/a><\/p>\n","protected":false},"author":1,"featured_media":0,"parent":9,"menu_order":20,"comment_status":"closed","ping_status":"open","template":"sidebar-page.php","meta":[],"_links":{"self":[{"href":"https:\/\/ekva.fi\/index.php?rest_route=\/wp\/v2\/pages\/19"}],"collection":[{"href":"https:\/\/ekva.fi\/index.php?rest_route=\/wp\/v2\/pages"}],"about":[{"href":"https:\/\/ekva.fi\/index.php?rest_route=\/wp\/v2\/types\/page"}],"author":[{"embeddable":true,"href":"https:\/\/ekva.fi\/index.php?rest_route=\/wp\/v2\/users\/1"}],"replies":[{"embeddable":true,"href":"https:\/\/ekva.fi\/index.php?rest_route=%2Fwp%2Fv2%2Fcomments&post=19"}],"version-history":[{"count":10,"href":"https:\/\/ekva.fi\/index.php?rest_route=\/wp\/v2\/pages\/19\/revisions"}],"predecessor-version":[{"id":695,"href":"https:\/\/ekva.fi\/index.php?rest_route=\/wp\/v2\/pages\/19\/revisions\/695"}],"up":[{"embeddable":true,"href":"https:\/\/ekva.fi\/index.php?rest_route=\/wp\/v2\/pages\/9"}],"wp:attachment":[{"href":"https:\/\/ekva.fi\/index.php?rest_route=%2Fwp%2Fv2%2Fmedia&parent=19"}],"curies":[{"name":"wp","href":"https:\/\/api.w.org\/{rel}","templated":true}]}}